 16, what is 5120 + -b?
5115
In base 7, what is 1 - 2146165?
-2146164
In base 5, what is -422142 + -131?
-422323
In base 9, what is 2 + -520101?
-520088
In base 14, what is 2 - -6a789?
6a78b
In base 6, what is -24104 + -2?
-24110
In base 15, what is -57 + -28?
-80
In base 10, what is 2948 - -447?
3395
In base 15, what is 20 + da4b?
da6b
In base 8, what is -476 - -21010?
20312
In base 6, what is 5 - -133351?
133400
In base 7, what is 1 - -266033?
266034
In base 2, what is 10111 - -100000000011?
100000011010
In base 8, what is -332 - 1424?
-1756
In base 11, what is -5655 + 7?
-5649
In base 2, what is 10 + 1111001001101011?
1111001001101101
In base 16, what is -83d2 + 0?
-83d2
In base 5, what is -434404304 + -2?
-434404311
In base 5, what is 34011 - 22?
33434
In base 8, what is -3314 + 53?
-3241
In base 3, what is -1 + -11122120010?
-11122120011
In base 4, what is 3122220 - 2013?
3120201
In base 12, what is 15b - -a306?
a465
In base 7, what is 1441 + 3044?
4515
In base 16, what is -1 - -1190d2?
1190d1
In base 5, what is -1040230 - 1?
-1040231
In base 15, what is 3570 + -3e?
3531
In base 13, what is -1 - 2bab4?
-2bab5
In base 16, what is -24 - -ac80?
ac5c
In base 10, what is -300089 + 7?
-300082
In base 4, what is 1020 - 1133?
-113
In base 2, what is 1000111110000111 + 100?
1000111110001011
In base 13, what is -20 - -3a72?
3a52
In base 3, what is -10010 + 121002?
110222
In base 14, what is -608 + -a52?
-125a
In base 16, what is 6 + 18e66?
18e6c
In base 10, what is -71 - 378?
-449
In base 6, what is -1110 - 1244?
-2354
In base 9, what is 65051 + -23?
65027
In base 15, what is 19 - -1d598?
1d5b2
In base 5, what is 2404 + 31144?
34103
In base 10, what is -1 - 10652?
-10653
In base 16, what is 0 - 284bd?
-284bd
In base 14, what is d06 - 6?
d00
In base 10, what is -12 + 2770?
2758
In base 5, what is -44 + 111023?
110424
In base 5, what is 301230 + -4?
301221
In base 15, what is 0 + -28e1?
-28e1
In base 6, what is 1 + -311353?
-311352
In base 16, what is 8e37 + 1e?
8e55
In base 16, what is 153 + -6ec0?
-6d6d
In base 16, what is 1f6b - 2?
1f69
In base 8, what is -233 - 772?
-1225
In base 16, what is -62886 - -4?
-62882
In base 7, what is 13 + -65133?
-65120
In base 10, what is 1920479 + -2?
1920477
In base 2, what is -1101010 + -10001011011101?
-10001101000111
In base 9, what is -644 + -8?
-653
In base 7, what is 125 + 2334?
2462
In base 12, what is -a6393 + -3?
-a6396
In base 8, what is 1162665 - 22?
1162643
In base 15, what is 92c + -6e?
8ad
In base 4, what is -123323130 + 10?
-123323120
In base 10, what is 12397 + -1?
12396
In base 6, what is -5 + 25113515?
25113510
In base 15, what is 1 + 1e9?
1ea
In base 7, what is -2352 - 400?
-3052
In base 6, what is 41 - 14255?
-14214
In base 8, what is 777 + 3177?
4176
In base 13, what is -5 - -3665?
3660
In base 8, what is 76074 + 5?
76101
In base 12, what is 149 + 152?
29b
In base 15, what is -9 - -3ca06?
3c9ec
In base 11, what is 29008 + 3?
29010
In base 12, what is -320b + 11?
-31ba
In base 7, what is 52 + 635?
1020
In base 13, what is -616 + 735?
11c
In base 16, what is 0 - f765?
-f765
In base 6, what is 410021 - 4?
410013
In base 8, what is 366 - 5010?
-4422
In base 7, what is 33462 + 33?
33525
In base 7, what is 6545 + 162?
10040
In base 4, what is 223330 - -111302?
1001232
In base 4, what is 122103 + -21?
122022
In base 15, what is -b + 386?
37a
In base 14, what is -a + 14234?
14228
In base 16, what is -c43 + 7?
-c3c
In base 7, what is -1212362 + -44?
-1212436
In base 11, what is -4 + -5a33?
-5a37
In base 9, what is 1453585 + 1?
1453586
In base 6, what is -1541334 + 21?
-1541313
In base 7, what is 252540 + -166?
252341
In base 16, what is -252a + -b?
-2535
In base 14, what is -34a67 - 2?
-34a69
In base 16, what is 12 - -3e43?
3e55
In base 14, what is -174 + 5b7?
443
In base 13, what is 20c - -23b0?
25bc
In base 5, what is -1233 - 120344?
-122132
In base 8, what is 22002 + 3?
22005
In base 8, what is 2 - 16307?
-16305
In base 6, what is -44 - 1033?
-1121
In base 3, what is -20121021 + -100212?
-20222010
In base 13, what is 2933 - 1?
2932
In base 9, what is -11 + -83255?
-83266
In base 11, what is -1 + -1165a4?
-1165a5
In base 6, what is 5 - -244251?
244300
In base 15, what is 44552 + -5?
4454c
In base 3, what is 100011 + 21010?
121021
In base 6, what is 1 + 40011325?
40011330
In base 11, what is -3 + -596141?
-596144
In base 9, what is 358 - 1110?
-641
In base 3, what is 11 - -211112?
211200
In base 6, what is -10454325 + 25?
-10454300
In base 15, what is a8996 + -1?
a8995
In base 8, what is -14 - 53412?
-53426
In base 8, what is 22545 - -64?
22631
In base 5, what is 42 - -111?
203
In base 9, what is 2624020 - 2?
2624017
In base 11, what is 23805 + 18?
23822
In base 13, what is 23b3 - -3?
23b6
In base 16, what is 2ace + 21a?
2ce8
In base 12, what is -6 + -1983b?
-19845
In base 11, what is -45538 + 30?
-45508
In base 4, what is 233 - 13112?
-12213
In base 6, what is -4 + 2334433?
2334425
In base 9, what is -3 - 76576?
-76580
In base 3, what is -12 - -100122221?
100122202
In base 9, what is -12 - 4855?
-4867
In base 5, what is -30 - -302?
222
In base 5, what is -30240 - -1120?
-24120
In base 7, what is 250651 + 2?
250653
In base 9, what is -28300 + 25?
-28264
In base 4, what is 1210 + -110?
1100
In base 6, what is 1 - -535341?
535342
In base 4, what is 222211 - -322?
223133
In base 3, what is -1111002000 + 10?
-1111001220
In base 12, what is 64 + -502?
-45a
In base 11, what is 6a6a + 83?
7042
In base 14, what is -b8b - 69?
-c16
In base 9, what is -3 + -6726?
-6730
In base 14, what is 4 - 11d1?
-11cb
In base 15, what is 137c - -15?
1392
In base 3, what is -102221002220 + -12?
-102221010002
In base 4, what is -2030203 - 1021?
-2031230
In base 11, what is -86 - -172?
97
In base 7, what is -1 - -14100?
14066
In base 16, what is b42ba + 5?
b42bf
In base 2, what is -101 + -101010001011000000?
-101010001011000101
In base 2, what is -11 + -1100111001100?
-1100111001111
In base 6, what is 12100 - 251?
11405
In base 15, what is d + -80a9?
-809b
In base 13, what is -95c9 + -4?
-9600
In base 8, what is -4 + -27571?
-27575
In base 11, what is -4 + 785a1?
78598
In base 10, what is 4799 + 15?
4814
In base 13, what is 4 - -2525?
2529
In base 12, what is -5 + 295305?
295300
In base 11, what is -264 - -109?
-156
In base 11, what is -55606 - -5?
-55601
In base 16, what is 6861 - -3?
6864
In base 11, what is 4 - -4277?
4280
In base 16, what is -102e - 15?
-1043
In base 7, what is -2 + 340656?
340654
In base 12, what is -8 - 1277?
-1283
In base 6, what is 10402 + -13101?
-2255
In base 12, what is 4 - -54b75?
54b79
In base 9, what is 3 + 30642?
30645
In base 4, what is -1 - -1330103?
1330102
In base 14, what is -266dd - -2?
-266db
In base 15, what is -abd6 + 0?
-abd6
In base 3, what is 1121 + 202212011?
202220202
In base 15, what is 2 - 4e6c8?
-4e6c6
In base 8, what is 2640 + 15?
2655
In base 8, what is 5 + -22142?
-22135
In base 10, what is -1 + 9168?
9167
In base 7, what is -2140 - -62?
-2045
In base 12, what is a - 2374?
-2366
In base 5, what is 4 - -4400141?
4400200
In base 16, what is 7 - -4bce0?
4bce7
In base 14, what is 5d09 + 1b?
5d26
In base 16, what is -28a5 - 21?
-28c6
In base 16, what is -1 - -6350?
634f
In base 6, what is 3 + 1105102?
1105105
In base 6, what is 103 - -414550?
415053
In base 13, what is -1864 + -17b?
-1a12
In base 16, what is 7d34 - -4?
7d38
In base 8, what is -50703 + -21?
-50724
In base 11, what is 54 - -3843?
3897
In base 10, what is -351559 + -1?
-351560
In base 5, what is -10 + 101214200?
101214140
In base 7, what is 3355 + 3?
3361
In base 7, what is -5635 + 56?
-5546
In base 12, what is 6234a + 2?
62350
In base 4, what is 21322022133 + -2?
21322022131
In base 2, what is 110001100 + -10010?
101111010
In base 4, what is 230331 - 32?
230233
In base 6, what is -13110021 - -20?
-13110001
In base 6, what is 20 - 3320?
-3300
In base 5, what is 121143 + 3?
121201
In base 3, what is -112 - -1010002?
1002120
In base 4, what is 0 + 210032110?
210032110
In base 3, what is 102110112 + -12?
102110100
In base 15, what is 2 - 1e9a4?
-1e9a2
In base 16, what is 2cd12 - -2?
2cd14
In base 4, what is -1100313 - 21?
-1101000
In base 12, what is -27 - 6281?
-62a8
In base 12, what is -46 + a32?
9a8
In base 6, wha